{"id":13,"date":"2020-03-10T15:14:45","date_gmt":"2020-03-10T15:14:45","guid":{"rendered":"http:\/\/www.aceitesvarietales.com\/?page_id=13"},"modified":"2020-04-07T12:43:52","modified_gmt":"2020-04-07T12:43:52","slug":"mendoza","status":"publish","type":"page","link":"https:\/\/www.aceitesvarietales.com\/pt\/mendoza\/","title":{"rendered":"Mendoza"},"content":{"rendered":"<p>Mendoza \u00e9 um deserto em altitude. A Cordilheira dos Andes modela seu clima pois a imensid\u00e3o da cadeia montanhosa freia o ingresso de poss\u00edveis frentes \u00famidas desde o Oceano Pac\u00edfico. As chuvas s\u00e3o escassas e concentradas principalmente no ver\u00e3o devido ao ingresso de frentes \u00famidas desde o sudeste originadas no Oceano Atl\u00e2ntico. A reserva h\u00eddrica prov\u00e9m das precipita\u00e7\u00f5es de neve na Cordilheira, que permitem o ac\u00famulo de \u00e1gua nos aqu\u00edferos subterr\u00e2neos; e da irriga\u00e7\u00e3o de algumas propriedades atrav\u00e9s do degelo e da condu\u00e7\u00e3o de \u00e1gua pelos rios, que depois se transformam em canais e <em>acequias<\/em>. Esta reserva h\u00eddrica explica a agricultura mendocina, onde as escassas precipita\u00e7\u00f5es (em torno de 300 mm anuais) n\u00e3o permitem uma agricultura de sequeiro. A regi\u00e3o se caracteriza pela baixa nebulosidade e alta insola\u00e7\u00e3o, com c\u00e9us quase sempre azuis. Mendoza corresponde \u00e0 regi\u00e3o de Cuyo, onde a for\u00e7a da imigra\u00e7\u00e3o, principalmente italiana e espanhola, moldou um desenvolvimento agr\u00edcola vigoroso e recriou com igual \u00eanfase a reprodu\u00e7\u00e3o daquela paisagem mediterr\u00e2nea de vinhas e frutais, entre eles as oliveiras.<\/p>","protected":false},"excerpt":{"rendered":"<p>Mendoza \u00e9 um deserto em altitude. A Cordilheira dos Andes modela seu clima pois a imensid\u00e3o da cadeia montanhosa freia o ingresso de poss\u00edveis frentes \u00famidas desde o Oceano Pac\u00edfico. As chuvas s\u00e3o escassas e concentradas principalmente no ver\u00e3o devido ao ingresso de frentes \u00famidas desde o sudeste originadas no Oceano Atl\u00e2ntico. A reserva h\u00eddrica [&hellip;]<\/p>\n","protected":false},"author":1,"featured_media":0,"parent":0,"menu_order":0,"comment_status":"closed","ping_status":"closed","template":"mendoza.php","meta":{"_acf_changed":false,"footnotes":""},"class_list":["post-13","page","type-page","status-publish","hentry"],"acf":[],"aioseo_notices":[],"_links":{"self":[{"href":"https:\/\/www.aceitesvarietales.com\/pt\/wp-json\/wp\/v2\/pages\/13","targetHints":{"allow":["GET"]}}],"collection":[{"href":"https:\/\/www.aceitesvarietales.com\/pt\/wp-json\/wp\/v2\/pages"}],"about":[{"href":"https:\/\/www.aceitesvarietales.com\/pt\/wp-json\/wp\/v2\/types\/page"}],"author":[{"embeddable":true,"href":"https:\/\/www.aceitesvarietales.com\/pt\/wp-json\/wp\/v2\/users\/1"}],"replies":[{"embeddable":true,"href":"https:\/\/www.aceitesvarietales.com\/pt\/wp-json\/wp\/v2\/comments?post=13"}],"version-history":[{"count":3,"href":"https:\/\/www.aceitesvarietales.com\/pt\/wp-json\/wp\/v2\/pages\/13\/revisions"}],"predecessor-version":[{"id":283,"href":"https:\/\/www.aceitesvarietales.com\/pt\/wp-json\/wp\/v2\/pages\/13\/revisions\/283"}],"wp:attachment":[{"href":"https:\/\/www.aceitesvarietales.com\/pt\/wp-json\/wp\/v2\/media?parent=13"}],"curies":[{"name":"wp","href":"https:\/\/api.w.org\/{rel}","templated":true}]}}

<p>Mendoza é um deserto em altitude. A Cordilheira dos Andes modela seu clima pois a imensidão da cadeia montanhosa freia o ingresso de possíveis frentes úmidas desde o Oceano Pacífico. As chuvas são escassas e concentradas principalmente no verão devido ao ingresso de frentes úmidas desde o sudeste originadas no Oceano Atlântico. A reserva hídrica provém das precipitações de neve na Cordilheira, que permitem o acúmulo de água nos aquíferos subterrâneos; e da irrigação de algumas propriedades através do degelo e da condução de água pelos rios, que depois se transformam em canais e <em>acequias</em>. Esta reserva hídrica explica a agricultura mendocina, onde as escassas precipitações (em torno de 300 mm anuais) não permitem uma agricultura de sequeiro. A região se caracteriza pela baixa nebulosidade e alta insolação, com céus quase sempre azuis. Mendoza corresponde à região de Cuyo, onde a força da imigração, principalmente italiana e espanhola, moldou um desenvolvimento agrícola vigoroso e recriou com igual ênfase a reprodução daquela paisagem mediterrânea de vinhas e frutais, entre eles as oliveiras.</p>

<p>Mendoza é um deserto em altitude. A Cordilheira dos Andes modela seu clima pois a imensidão da cadeia montanhosa freia o ingresso de possíveis frentes úmidas desde o Oceano Pacífico. As chuvas são escassas e concentradas principalmente no verão devido ao ingresso de frentes úmidas desde o sudeste originadas no Oceano Atlântico. A reserva hídrica [&hellip;]</p>
